{"id":3447,"date":"2022-10-14T19:13:00","date_gmt":"2022-10-14T17:13:00","guid":{"rendered":"https:\/\/amqg-aufg.org\/impressum\/"},"modified":"2025-11-08T12:39:19","modified_gmt":"2025-11-08T11:39:19","slug":"impressum","status":"publish","type":"page","link":"https:\/\/amqg-aufg.org\/de\/impressum\/","title":{"rendered":"Impressum"},"content":{"rendered":"<section  class='av_textblock_section av-lfjvxa4l-b30c628e8883c339c1a1033af2ada2a4 '   itemscope=\"itemscope\" itemtype=\"https:\/\/schema.org\/CreativeWork\" ><div class='avia_textblock'  itemprop=\"text\" ><h3>Impressum<\/h3>\n<p><b>AUFG &#8211; 1200 Gen\u00e8ve<br \/>\n<\/b> E-mail : info[at]amqg.ch<\/p>\n<p><b>Haftungsausschluss<\/b><\/p>\n<p class=\"font_8 wixui-rich-text__text\"><span class=\"color_26 wixui-rich-text__text\"><span class=\"wixui-rich-text__text\">Haftungsausschluss: Diese Website dient ausschlie\u00dflich zu Informationszwecken. Es soll Eltern, Angeh\u00f6rige oder Jugendliche nicht zu Fragen der Geschlechtsidentit\u00e4t bei Jugendlichen beraten. Diese Website sucht nach Antworten auf noch zu unklare wissenschaftliche Fragen zu den Auswirkungen von Affirmationsprotokollen auf die Abbruch-\/Detransitionsraten (Jugendliche, die aufh\u00f6ren, sich mit einem \u201eGeschlecht\u201c zu identifizieren, das nicht ihrem biologischen Geschlecht entspricht) sowie zur Zukunft junger Menschen, die eine medizinische \u201eGeschlechtsumwandlungsbehandlung\u201c durchlaufen haben, deren Zahl in den letzten Jahren explosionsartig angestiegen ist. <\/span><\/span><\/p>\n<p class=\"font_8 wixui-rich-text__text\"><span class=\"color_26 wixui-rich-text__text\"><span class=\"wixui-rich-text__text\">Diese Website hat zum Ziel, die Aufmerksamkeit auf die Bedeutung zu lenken, diese \u201eGeschlechtsidentit\u00e4tsfragen\u201c bei Jugendlichen offen und transparent anzugehen und einen moderaten, vielf\u00e4ltigen und nicht-aktivistischen Ansatz zu f\u00f6rdern. Studien zeigen, dass das Ablehnen von Jugendlichen, die ihre \u201eGeschlechtsidentit\u00e4t\u201c hinterfragen, das Leugnen ihrer Erfahrungen oder die Andeutung, dass sie nach einer \u201eTransition\u201c nicht mehr geliebt und unterst\u00fctzt w\u00fcrden, negative Auswirkungen auf ihre psychische Gesundheit haben kann. Eine \u201e\u00fcbereilte Transition\u201c kann sich ebenfalls als sch\u00e4dlich f\u00fcr Jugendliche erweisen, und immer mehr Beispiele solcher F\u00e4lle werden dokumentiert. Wir bef\u00fcrworten ein wissenschaftlich fundiertes Modell der psychischen Gesundheitsversorgung, in dem Jugendliche, die sich hinterfragen, unterst\u00fctzt und begleitet werden, in dem diejenigen, die abbrechen\/detransitionieren, unterst\u00fctzt und gesch\u00fctzt werden, in dem medizinische Behandlungen als letztes Mittel angesehen werden und nicht als eine folgenlose Erstma\u00dfnahme.<\/span><\/span><\/p>\n<p><b>Haftung f\u00fcr Links<\/b><\/p>\n<p>Verweise oder Links zu Websites Dritter liegen au\u00dferhalb unseres Verantwortungsbereichs. Wir \u00fcbernehmen keine Haftung f\u00fcr diese Websites. Der Zugriff auf und die Nutzung dieser Websites erfolgen auf eigenes Risiko der Nutzer.<\/p>\n<p><b>Urheberrecht<\/b><\/p>\n<p>Die allgemeine Struktur, Texte, Filme, bewegte oder unbewegte Bilder, Marken und Logos, Illustrationen und generell alle geistigen Eigentumsrechte an den Elementen dieser Website sind das ausschlie\u00dfliche Eigentum von atelierssud\u00ae oder werden regelm\u00e4\u00dfig unter Lizenz genutzt. Alle diese Elemente sind durch die gesetzlichen Bestimmungen zum geistigen Eigentum gesch\u00fctzt, einschlie\u00dflich derer zum Urheberrecht.<\/p>\n<p>Jede Vervielf\u00e4ltigung, \u00dcbersetzung, Anpassung und generell jede Nutzung, ganz oder teilweise, dieser Website oder eines ihrer Elemente setzt die vorherige schriftliche Genehmigung von Studio Smile voraus.<\/p>\n<p>Jede autorisierte Kopie darf den Inhalt der Website in keiner Weise verf\u00e4lschen, modifizieren oder ver\u00e4ndern und muss den folgenden Hinweis \u201e@StudioSmile\u201c enthalten.<\/p>\n<p><b>Datenschutz<\/b><\/p>\n<p>Gem\u00e4\u00df Artikel 13 der Schweizerischen Bundesverfassung und den gesetzlichen Bestimmungen zum Datenschutz <em>(Bundesgesetz \u00fcber den Datenschutz, DSG) <\/em>und Artikel 4 der DSGVO <em>(Datenschutz-Grundverordnung \u2013 europ\u00e4ische Richtlinien),<\/em> hat jede Person das Recht auf Schutz ihrer Privatsph\u00e4re sowie auf Schutz vor missbr\u00e4uchlicher Verwendung ihrer pers\u00f6nlichen Daten. Wir beachten diese Bestimmungen. Personenbezogene Daten werden streng vertraulich behandelt und weder verkauft noch an Dritte weitergegeben.<\/p>\n<p><b>Verwendung von Cookies<\/b><\/p>\n<p>Diese Website verwendet Cookies. Cookies sind kleine Textdateien, die beim Besuch der Website tempor\u00e4r oder dauerhaft auf Ihrem Computer gespeichert werden. Der Zweck von Cookies ist insbesondere die Analyse der Website-Nutzung zum Zwecke der statistischen Auswertung sowie kontinuierlicher Verbesserungen. Cookies k\u00f6nnen jederzeit in den Einstellungen Ihres Webbrowsers, teilweise oder vollst\u00e4ndig, deaktiviert werden. Durch die Deaktivierung von Cookies k\u00f6nnen bestimmte Funktionen dieser Website m\u00f6glicherweise nicht mehr verf\u00fcgbar sein.<\/p>\n<p>In enger Zusammenarbeit mit unseren Hostinganbietern bem\u00fchen wir uns, die Datenbanken mit allen Mitteln vor Zugriff, Verlust, Missbrauch oder F\u00e4lschung zu sch\u00fctzen.<\/p>\n<p><strong>\u00a9 Bildnachweise<\/strong><br \/>\n\u00a9Fotolia: Copyright Agent, Fotolia LLC, 41 East 11th Street, 11th Floor, New York, NY 10003; E-Mail: copyright@fotolia.com; Fax: 212-658-9082<\/p>\n<\/div><\/section>\n","protected":false},"excerpt":{"rendered":"","protected":false},"author":1,"featured_media":0,"parent":0,"menu_order":0,"comment_status":"closed","ping_status":"open","template":"","meta":{"footnotes":""},"class_list":["post-3447","page","type-page","status-publish","hentry"],"yoast_head":"<!-- This site is optimized with the Yoast SEO plugin v27.1.1 - https:\/\/yoast.com\/product\/yoast-seo-wordpress\/ -->\n<title>Impressum - AUFG - Verein f\u00fcr einen angemessenen Umgang mit Geschlechterfragen bei jungen Menschen<\/title>\n<meta name=\"robots\" content=\"index, follow, max-snippet:-1, max-image-preview:large, max-video-preview:-1\" \/>\n<link rel=\"canonical\" href=\"https:\/\/amqg-aufg.org\/de\/impressum\/\" \/>\n<meta property=\"og:locale\" content=\"de_DE\" \/>\n<meta property=\"og:type\" content=\"article\" \/>\n<meta property=\"og:title\" content=\"Impressum - AUFG - Verein f\u00fcr einen angemessenen Umgang mit Geschlechterfragen bei jungen Menschen\" \/>\n<meta property=\"og:url\" content=\"https:\/\/amqg-aufg.org\/de\/impressum\/\" \/>\n<meta property=\"og:site_name\" content=\"AUFG - Verein f\u00fcr einen angemessenen Umgang mit Geschlechterfragen bei jungen Menschen\" \/>\n<meta property=\"article:modified_time\" content=\"2025-11-08T11:39:19+00:00\" \/>\n<meta name=\"twitter:card\" content=\"summary_large_image\" \/>\n<meta name=\"twitter:label1\" content=\"Gesch\u00e4tzte Lesezeit\" \/>\n\t<meta name=\"twitter:data1\" content=\"3\u00a0Minute\" \/>\n<script type=\"application\/ld+json\" class=\"yoast-schema-graph\">{\"@context\":\"https:\/\/schema.org\",\"@graph\":[{\"@type\":\"WebPage\",\"@id\":\"https:\/\/amqg-aufg.org\/de\/impressum\/\",\"url\":\"https:\/\/amqg-aufg.org\/de\/impressum\/\",\"name\":\"Impressum - AUFG - Verein f\u00fcr einen angemessenen Umgang mit Geschlechterfragen bei jungen Menschen\",\"isPartOf\":{\"@id\":\"https:\/\/amqg-aufg.org\/de\/#website\"},\"datePublished\":\"2022-10-14T17:13:00+00:00\",\"dateModified\":\"2025-11-08T11:39:19+00:00\",\"breadcrumb\":{\"@id\":\"https:\/\/amqg-aufg.org\/de\/impressum\/#breadcrumb\"},\"inLanguage\":\"de\",\"potentialAction\":[{\"@type\":\"ReadAction\",\"target\":[\"https:\/\/amqg-aufg.org\/de\/impressum\/\"]}]},{\"@type\":\"BreadcrumbList\",\"@id\":\"https:\/\/amqg-aufg.org\/de\/impressum\/#breadcrumb\",\"itemListElement\":[{\"@type\":\"ListItem\",\"position\":1,\"name\":\"Accueil\",\"item\":\"https:\/\/amqg-aufg.org\/de\/\"},{\"@type\":\"ListItem\",\"position\":2,\"name\":\"Impressum\"}]},{\"@type\":\"WebSite\",\"@id\":\"https:\/\/amqg-aufg.org\/de\/#website\",\"url\":\"https:\/\/amqg-aufg.org\/de\/\",\"name\":\"AUFG - Verein f\u00fcr einen angemessenen Umgang mit Geschlechterfragen bei jungen Menschen\",\"description\":\"Sektion Deutschschweiz\",\"potentialAction\":[{\"@type\":\"SearchAction\",\"target\":{\"@type\":\"EntryPoint\",\"urlTemplate\":\"https:\/\/amqg-aufg.org\/de\/?s={search_term_string}\"},\"query-input\":{\"@type\":\"PropertyValueSpecification\",\"valueRequired\":true,\"valueName\":\"search_term_string\"}}],\"inLanguage\":\"de\"}]}<\/script>\n<!-- \/ Yoast SEO plugin. -->","yoast_head_json":{"title":"Impressum - AUFG - Verein f\u00fcr einen angemessenen Umgang mit Geschlechterfragen bei jungen Menschen","robots":{"index":"index","follow":"follow","max-snippet":"max-snippet:-1","max-image-preview":"max-image-preview:large","max-video-preview":"max-video-preview:-1"},"canonical":"https:\/\/amqg-aufg.org\/de\/impressum\/","og_locale":"de_DE","og_type":"article","og_title":"Impressum - AUFG - Verein f\u00fcr einen angemessenen Umgang mit Geschlechterfragen bei jungen Menschen","og_url":"https:\/\/amqg-aufg.org\/de\/impressum\/","og_site_name":"AUFG - Verein f\u00fcr einen angemessenen Umgang mit Geschlechterfragen bei jungen Menschen","article_modified_time":"2025-11-08T11:39:19+00:00","twitter_card":"summary_large_image","twitter_misc":{"Gesch\u00e4tzte Lesezeit":"3\u00a0Minute"},"schema":{"@context":"https:\/\/schema.org","@graph":[{"@type":"WebPage","@id":"https:\/\/amqg-aufg.org\/de\/impressum\/","url":"https:\/\/amqg-aufg.org\/de\/impressum\/","name":"Impressum - AUFG - Verein f\u00fcr einen angemessenen Umgang mit Geschlechterfragen bei jungen Menschen","isPartOf":{"@id":"https:\/\/amqg-aufg.org\/de\/#website"},"datePublished":"2022-10-14T17:13:00+00:00","dateModified":"2025-11-08T11:39:19+00:00","breadcrumb":{"@id":"https:\/\/amqg-aufg.org\/de\/impressum\/#breadcrumb"},"inLanguage":"de","potentialAction":[{"@type":"ReadAction","target":["https:\/\/amqg-aufg.org\/de\/impressum\/"]}]},{"@type":"BreadcrumbList","@id":"https:\/\/amqg-aufg.org\/de\/impressum\/#breadcrumb","itemListElement":[{"@type":"ListItem","position":1,"name":"Accueil","item":"https:\/\/amqg-aufg.org\/de\/"},{"@type":"ListItem","position":2,"name":"Impressum"}]},{"@type":"WebSite","@id":"https:\/\/amqg-aufg.org\/de\/#website","url":"https:\/\/amqg-aufg.org\/de\/","name":"AUFG - Verein f\u00fcr einen angemessenen Umgang mit Geschlechterfragen bei jungen Menschen","description":"Sektion Deutschschweiz","potentialAction":[{"@type":"SearchAction","target":{"@type":"EntryPoint","urlTemplate":"https:\/\/amqg-aufg.org\/de\/?s={search_term_string}"},"query-input":{"@type":"PropertyValueSpecification","valueRequired":true,"valueName":"search_term_string"}}],"inLanguage":"de"}]}},"_links":{"self":[{"href":"https:\/\/amqg-aufg.org\/de\/wp-json\/wp\/v2\/pages\/3447","targetHints":{"allow":["GET"]}}],"collection":[{"href":"https:\/\/amqg-aufg.org\/de\/wp-json\/wp\/v2\/pages"}],"about":[{"href":"https:\/\/amqg-aufg.org\/de\/wp-json\/wp\/v2\/types\/page"}],"author":[{"embeddable":true,"href":"https:\/\/amqg-aufg.org\/de\/wp-json\/wp\/v2\/users\/1"}],"replies":[{"embeddable":true,"href":"https:\/\/amqg-aufg.org\/de\/wp-json\/wp\/v2\/comments?post=3447"}],"version-history":[{"count":3,"href":"https:\/\/amqg-aufg.org\/de\/wp-json\/wp\/v2\/pages\/3447\/revisions"}],"predecessor-version":[{"id":3950,"href":"https:\/\/amqg-aufg.org\/de\/wp-json\/wp\/v2\/pages\/3447\/revisions\/3950"}],"wp:attachment":[{"href":"https:\/\/amqg-aufg.org\/de\/wp-json\/wp\/v2\/media?parent=3447"}],"curies":[{"name":"wp","href":"https:\/\/api.w.org\/{rel}","templated":true}]}}

<section  class='av_textblock_section av-lfjvxa4l-b30c628e8883c339c1a1033af2ada2a4 '   itemscope="itemscope" itemtype="https://schema.org/CreativeWork" ><div class='avia_textblock'  itemprop="text" ><h3>Impressum</h3>
<p><b>AUFG &#8211; 1200 Genève<br />
</b> E-mail : info[at]amqg.ch</p>
<p><b>Haftungsausschluss</b></p>
<p class="font_8 wixui-rich-text__text"><span class="color_26 wixui-rich-text__text"><span class="wixui-rich-text__text">Haftungsausschluss: Diese Website dient ausschließlich zu Informationszwecken. Es soll Eltern, Angehörige oder Jugendliche nicht zu Fragen der Geschlechtsidentität bei Jugendlichen beraten. Diese Website sucht nach Antworten auf noch zu unklare wissenschaftliche Fragen zu den Auswirkungen von Affirmationsprotokollen auf die Abbruch-/Detransitionsraten (Jugendliche, die aufhören, sich mit einem „Geschlecht“ zu identifizieren, das nicht ihrem biologischen Geschlecht entspricht) sowie zur Zukunft junger Menschen, die eine medizinische „Geschlechtsumwandlungsbehandlung“ durchlaufen haben, deren Zahl in den letzten Jahren explosionsartig angestiegen ist. </span></span></p>
<p class="font_8 wixui-rich-text__text"><span class="color_26 wixui-rich-text__text"><span class="wixui-rich-text__text">Diese Website hat zum Ziel, die Aufmerksamkeit auf die Bedeutung zu lenken, diese „Geschlechtsidentitätsfragen“ bei Jugendlichen offen und transparent anzugehen und einen moderaten, vielfältigen und nicht-aktivistischen Ansatz zu fördern. Studien zeigen, dass das Ablehnen von Jugendlichen, die ihre „Geschlechtsidentität“ hinterfragen, das Leugnen ihrer Erfahrungen oder die Andeutung, dass sie nach einer „Transition“ nicht mehr geliebt und unterstützt würden, negative Auswirkungen auf ihre psychische Gesundheit haben kann. Eine „übereilte Transition“ kann sich ebenfalls als schädlich für Jugendliche erweisen, und immer mehr Beispiele solcher Fälle werden dokumentiert. Wir befürworten ein wissenschaftlich fundiertes Modell der psychischen Gesundheitsversorgung, in dem Jugendliche, die sich hinterfragen, unterstützt und begleitet werden, in dem diejenigen, die abbrechen/detransitionieren, unterstützt und geschützt werden, in dem medizinische Behandlungen als letztes Mittel angesehen werden und nicht als eine folgenlose Erstmaßnahme.</span></span></p>
<p><b>Haftung für Links</b></p>
<p>Verweise oder Links zu Websites Dritter liegen außerhalb unseres Verantwortungsbereichs. Wir übernehmen keine Haftung für diese Websites. Der Zugriff auf und die Nutzung dieser Websites erfolgen auf eigenes Risiko der Nutzer.</p>
<p><b>Urheberrecht</b></p>
<p>Die allgemeine Struktur, Texte, Filme, bewegte oder unbewegte Bilder, Marken und Logos, Illustrationen und generell alle geistigen Eigentumsrechte an den Elementen dieser Website sind das ausschließliche Eigentum von atelierssud® oder werden regelmäßig unter Lizenz genutzt. Alle diese Elemente sind durch die gesetzlichen Bestimmungen zum geistigen Eigentum geschützt, einschließlich derer zum Urheberrecht.</p>
<p>Jede Vervielfältigung, Übersetzung, Anpassung und generell jede Nutzung, ganz oder teilweise, dieser Website oder eines ihrer Elemente setzt die vorherige schriftliche Genehmigung von Studio Smile voraus.</p>
<p>Jede autorisierte Kopie darf den Inhalt der Website in keiner Weise verfälschen, modifizieren oder verändern und muss den folgenden Hinweis „@StudioSmile“ enthalten.</p>
<p><b>Datenschutz</b></p>
<p>Gemäß Artikel 13 der Schweizerischen Bundesverfassung und den gesetzlichen Bestimmungen zum Datenschutz <em>(Bundesgesetz über den Datenschutz, DSG) </em>und Artikel 4 der DSGVO <em>(Datenschutz-Grundverordnung – europäische Richtlinien),</em> hat jede Person das Recht auf Schutz ihrer Privatsphäre sowie auf Schutz vor missbräuchlicher Verwendung ihrer persönlichen Daten. Wir beachten diese Bestimmungen. Personenbezogene Daten werden streng vertraulich behandelt und weder verkauft noch an Dritte weitergegeben.</p>
<p><b>Verwendung von Cookies</b></p>
<p>Diese Website verwendet Cookies. Cookies sind kleine Textdateien, die beim Besuch der Website temporär oder dauerhaft auf Ihrem Computer gespeichert werden. Der Zweck von Cookies ist insbesondere die Analyse der Website-Nutzung zum Zwecke der statistischen Auswertung sowie kontinuierlicher Verbesserungen. Cookies können jederzeit in den Einstellungen Ihres Webbrowsers, teilweise oder vollständig, deaktiviert werden. Durch die Deaktivierung von Cookies können bestimmte Funktionen dieser Website möglicherweise nicht mehr verfügbar sein.</p>
<p>In enger Zusammenarbeit mit unseren Hostinganbietern bemühen wir uns, die Datenbanken mit allen Mitteln vor Zugriff, Verlust, Missbrauch oder Fälschung zu schützen.</p>
<p><strong>© Bildnachweise</strong><br />
©Fotolia: Copyright Agent, Fotolia LLC, 41 East 11th Street, 11th Floor, New York, NY 10003; E-Mail: copyright@fotolia.com; Fax: 212-658-9082</p>
</div></section>

<!-- This site is optimized with the Yoast SEO plugin v27.1.1 - https://yoast.com/product/yoast-seo-wordpress/ -->
<title>Impressum - AUFG - Verein für einen angemessenen Umgang mit Geschlechterfragen bei jungen Menschen</title>
<meta name="robots" content="index, follow, max-snippet:-1, max-image-preview:large, max-video-preview:-1" />
<link rel="canonical" href="https://amqg-aufg.org/de/impressum/" />
<meta property="og:locale" content="de_DE" />
<meta property="og:type" content="article" />
<meta property="og:title" content="Impressum - AUFG - Verein für einen angemessenen Umgang mit Geschlechterfragen bei jungen Menschen" />
<meta property="og:url" content="https://amqg-aufg.org/de/impressum/" />
<meta property="og:site_name" content="AUFG - Verein für einen angemessenen Umgang mit Geschlechterfragen bei jungen Menschen" />
<meta property="article:modified_time" content="2025-11-08T11:39:19+00:00" />
<meta name="twitter:card" content="summary_large_image" />
<meta name="twitter:label1" content="Geschätzte Lesezeit" />
	<meta name="twitter:data1" content="3 Minute" />
<script type="application/ld+json" class="yoast-schema-graph">{"@context":"https://schema.org","@graph":[{"@type":"WebPage","@id":"https://amqg-aufg.org/de/impressum/","url":"https://amqg-aufg.org/de/impressum/","name":"Impressum - AUFG - Verein für einen angemessenen Umgang mit Geschlechterfragen bei jungen Menschen","isPartOf":{"@id":"https://amqg-aufg.org/de/#website"},"datePublished":"2022-10-14T17:13:00+00:00","dateModified":"2025-11-08T11:39:19+00:00","breadcrumb":{"@id":"https://amqg-aufg.org/de/impressum/#breadcrumb"},"inLanguage":"de","potentialAction":[{"@type":"ReadAction","target":["https://amqg-aufg.org/de/impressum/"]}]},{"@type":"BreadcrumbList","@id":"https://amqg-aufg.org/de/impressum/#breadcrumb","itemListElement":[{"@type":"ListItem","position":1,"name":"Accueil","item":"https://amqg-aufg.org/de/"},{"@type":"ListItem","position":2,"name":"Impressum"}]},{"@type":"WebSite","@id":"https://amqg-aufg.org/de/#website","url":"https://amqg-aufg.org/de/","name":"AUFG - Verein für einen angemessenen Umgang mit Geschlechterfragen bei jungen Menschen","description":"Sektion Deutschschweiz","potentialAction":[{"@type":"SearchAction","target":{"@type":"EntryPoint","urlTemplate":"https://amqg-aufg.org/de/?s={search_term_string}"},"query-input":{"@type":"PropertyValueSpecification","valueRequired":true,"valueName":"search_term_string"}}],"inLanguage":"de"}]}</script>
<!-- / Yoast SEO plugin. -->

Impressum - AUFG - Verein für einen angemessenen Umgang mit Geschlechterfragen bei jungen Menschen

AUFG - Verein für einen angemessenen Umgang mit Geschlechterfragen bei jungen Menschen
